t t be 770/105*15/2. What is the highest common divisor of t and 11?
11
Let w = 2484 - 2449. What is the highest common divisor of 2905 and w?
35
Suppose 2*k - k = 33. Suppose 0*c = -2*c + 6. Suppose 66 = -0*v + c*v - 4*i, i = -2*v + 44. What is the highest common divisor of k and v?
11
Suppose h = 270*p - 272*p + 33, -2*p + 23 = -h. Calculate the greatest common divisor of 182 and p.
14
Let y = -416 + 425. Calculate the greatest common divisor of 153 and y.
9
Let s(l) = l**2 - 18*l - 29. Let p be s(-4). What is the highest common divisor of 118 and p?
59
Suppose 103 = -21*y + 733. What is the greatest common factor of 96 and y?
6
Let l(u) = -u**2 + 10*u + 36. Let f be l(7). Calculate the highest common factor of 703 and f.
19
Let x(l) = -3*l + 132. Let v be x(-16). Calculate the greatest common factor of v and 660.
60
Suppose -228*u + 232*u - 124 = -3*x, 0 = -5*x - 40. Suppose 0*o + 888 = 3*o. Calculate the greatest common divisor of u and o.
37
Suppose 0 = -6*a - 5*a + 77. What is the highest common divisor of a and 105?
7
Let f be 36/8 + 21/42. Suppose 3*z + z = 64. Suppose -2*q + 25 + z = -f*u, 0 = -q - 5*u - 17. Calculate the highest common factor of q and 16.
8
Let o = 102 + -62. Suppose -q = 5*f - o, -4*q = -f - 2*f - 45. Let n be 117/q - (-2)/10. What is the greatest common divisor of n and 8?
8
Suppose -6*m + 80 = -m. Let s(r) = 2*r - 7. Let v be s(m). What is the greatest common divisor of v and 125?
25
Suppose 4*z = -s + 18, -2*s - 24 + 0 = -4*z. Calculate the highest common divisor of z and 95.
5
Let l(v) = 26*v**3 - v**2 + 1. Let r be l(1). Suppose -4*y = -3*k - 93, -94 - r = -5*y + 5*k. Calculate the greatest common divisor of 7 and y.
7
Suppose -5*t + 3*n = 122, 0 = 2*t + 4*n - 7*n + 56. Let s = 40 + t. Calculate the highest common factor of 18 and s.
18
Suppose 20 = 4*t, -5 = 2*y + 3*y + t. Let r be 38*-2 - (-2 - y). Let m = r + 124. Calculate the highest common factor of m and 32.
16
Suppose 3*b - 171 = -2*i, -4*b = -2*i - 3*b + 151. What is the greatest common divisor of i and 117?
39
Let b = -12 + 23. Let d be 460/6 + (3 - 48/18). Calculate the greatest common factor of d and b.
11
Let o = 16 + -16. Let x be 9/(-3) - -4 - o. What is the greatest common factor of 4 and x?
1
Let f be 12/(-9)*2388/8. Let y = f + 595. Suppose y - 53 = 2*o. What is the greatest common divisor of o and 48?
24
Let l = 60 - 53. Let h = l + 17. What is the highest common divisor of 216 and h?
24
Let a be ((-2046)/(-837))/(4/18). What is the greatest common divisor of 891 and a?
11
Suppose 4*p - 115 - 125 = 0. Calculate the highest common factor of p and 285.
15
Suppose 0 = 3*y - 9*y + 4290. Suppose 8*q - y - 261 = 0. What is the greatest common factor of q and 305?
61
Let s = -214 - -272. What is the greatest common factor of 174 and s?
58
Let a(o) = -11*o + 1. Let d be a(2). Let s = -18 - d. Suppose s*r - r - 104 = 0. Calculate the highest common factor of 13 and r.
13
Let f(r) = 3*r**2 - 7*r + 12. Let c be f(3). Let w be ((-78)/(-5))/(c/120). Calculate the highest common divisor of 26 and w.
26
Let z be 285 + (10 - (4 + 4)). What is the highest common factor of z and 14?
7
Let y = 182 - 97. Let q = y - 75. Calculate the highest common factor of q and 15.
5
Let b be (918/12 - (-1)/(-2))/1. Suppose 0 = 71*z - b*z + 150. Calculate the highest common divisor of 90 and z.
30
Let j = -49 - -46. Let i be 2/4*(17 - j). Let w be 1/(1 + 48/(-50)). Calculate the greatest common divisor of i and w.
5
Let p be ((-10)/8)/(50/(-40)). What is the highest common factor of p and 21?
1
Suppose -12*k + 22 = -26. Suppose 3 = -k*y - 5*m + 44, 5*y = -m + 67. Calculate the highest common factor of 2 and y.
2
Suppose 0 = 4*x + c - 41, 3*x + 2*x - 65 = -4*c. What is the highest common divisor of x and 144?
9
Suppose 4*j + 20 = 4*d, 0 = 4*j + 7 + 13. Suppose 120 = 5*k - 0*k. Let m = k - d. Calculate the highest common divisor of m and 8.
8
Let s be 9/(-21)*7*-1. Let p be (-5)/(-10) - 87/(-6). What is the highest common divisor of p and s?
3
Let o(p) = 16*p**2 + 15*p - 6. Let x be o(5). Calculate the highest common factor of 14 and x.
7
Let s(k) = k**2 - 5*k + 7. Let w be s(3). Let p(b) = 50*b - 2. Let y be p(w). Calculate the greatest common divisor of y and 6.
6
Let s = 100 - 36. Suppose -3*r - 53 = z, 3*z + 2*z = 4*r + 58. Let f = r - -25. What is the highest common divisor of s and f?
8
Let k(f) = -27*f + 15. Suppose 4*c + 71 = 27. Let x be k(c). What is the highest common divisor of 39 and x?
39
Let u(c) = 2*c - 58. Let g(y) = y - 29. Let b(n) = 11*g(n) - 6*u(n). Let q be b(28). What is the highest common divisor of 1 and q?
1
Let a = 37 + -35. Suppose 5*m = a*g - 68, 0 = g + m - 30 + 3. Calculate the greatest common divisor of g and 58.
29
Suppose 0 = 4*x - 5*o - 8 - 73, 0 = -x - 4*o - 6. Suppose 49 = -5*b + 4*v + 321, 3*b - 5*v = 158. What is the greatest common factor of x and b?
14
Let u(w) = 2*w**2 - 41*w - 22. Let y be u(19). Let s = -64 - y. Calculate the greatest common factor of 3 and s.
3
Let u(s) = -24*s + 132. Let z be u(5). Calculate the highest common divisor of 54 and z.
6
Suppose 20*g + 0*g - 560 = 0. What is the highest common divisor of 68 and g?
4
Let f = -33 + 35. Let p be 27/f + 3/(-2). Calculate the highest common factor of p and 132.
12
Let g = 26 + -15. Let b(n) = n**3 - 4*n**2 + 9*n - 14. Let r be b(4). What is the greatest common divisor of r and g?
11
Let r be ((-18)/(-8))/((-1002)/(-200) + -5). What is the greatest common divisor of r and 25?
25
Let a = 187 + -175. What is the highest common divisor of a and 8?
4
Let l(s) = s - 13. Let u be l(8). Let f(q) = -q**3 - 4*q**2 + 3*q + 7. Let v be f(u). What is the highest common factor of 272 and v?
17
Let u = 37 - 81. Let g = -30 - u. Let t = g + 4. What is the highest common factor of t and 6?
6
Let k be 7820/884 - 4/(-26). What is the highest common divisor of k and 87?
3
Let l = -2288 - -3260. What is the greatest common divisor of l and 72?
36
Let y(x) = -82*x + 63. Let i be y(-4). Calculate the highest common divisor of 17 and i.
17
Let p be 84/16 - (-9)/12. Let l be 18*2/p*2. Let h(t) = -t + 48. Let m be h(0). What is the greatest common divisor of l and m?
12
Let g = -11 - -13. Suppose g*l - 4 = -0*l. Let k = 0 + l. Calculate the greatest common factor of 18 and k.
2
Let f be (17/11)/((-11)/(-121)). Calculate the highest common divisor of f and 799.
17
Suppose -175 = -3*l + 419. Calculate the greatest common divisor of l and 36.
18
Let p(q) = q**3 + 11*q**2 + 12*q + 22. Let k be p(-10). Suppose -d = 5*y + 20, -2*d = k*d - 5*y - 45. What is the greatest common divisor of d and 2?
1
Suppose 5005 + 3370 = 5*y. Calculate the highest common divisor of 25 and y.
25
Let d(o) = 7*o**2 - 24*o - 303. Let u be d(-9). What is the greatest common factor of u and 144?
48
Let b = -36 + 39. Suppose -b*z - 258 = -3*k, 4*k - 5*z = -30 + 370. Calculate the greatest common divisor of k and 36.
18
Let b(j) = 8*j - 3. Let h be b(3). Let u be 1*(-5)/(10/(-122)). Let z = u - 40. Calculate the greatest common factor of z and h.
21
Let m(x) = x**3 - 2*x**2 - 17*x - 8. Let t be m(6). Calculate the highest common divisor of t and 272.
34
Suppose 2*d - 67 = t, 6 - 18 = 4*t. Calculate the highest common factor of 272 and d.
16
Suppose -4 = -6*h + 26. Calculate the greatest common divisor of 155 and h.
5
Let h = 21 - 3. Suppose i - 57 = h. Let f = -4686 - -4716. Calculate the greatest common divisor of i and f.
15
Suppose -4*l - 28 + 784 = 0. Calculate the greatest common divisor of l and 21.
21
Suppose 3 + 9 = 3*a + 3*b, 8 = -4*b. Let w be ((-1)/1)/(a/(-630)). What is the highest common divisor of w and 42?
21
Suppose 34*r = 2684 + 7414. Calculate the highest common divisor of 243 and r.
27
Suppose -445 = -3*o + 5*u, -1 = -11*u + 10*u. Calculate the highest common divisor of o and 18.
6
Let w = -18 + 30. Suppose v - 53 = 5*s, 3*s = 4*s + 1. Calculate the highest common factor of w and v.
12
Let y(o) = 7*o**2 + 9*o + 7. Let v be y(-6). Let p be (v - 0/5) + 0. Calculate the highest common divisor of p and 82.
41
Let l(p) = -p**3 - 8*p**2 - 5*p - 2. Let t be l(-7). Let x = t + 17. Let i be 3/6*(1 + x). What is the highest common divisor of 5 and i?
1
Let b be -42*((-17)/7 + 1). Calculate the highest common factor of b